et m = -245 + 277. What is the greatest common factor of 8 and m?
8
Suppose 4*t = 5*n - 10 - 3, t = -n - 1. Suppose 2*k - 8*k = -48. What is the greatest common factor of k and n?
1
Suppose -1288 = -6*h + 2*h. Suppose -29*u = -971 - 363. What is the greatest common divisor of h and u?
46
Let y(s) = 16*s**2 + 2*s + 2. Let f be y(-3). What is the greatest common divisor of 98 and f?
14
Suppose 5*o + 4*f + 39 = 266, o = f + 40. Let t = -23 + o. Suppose -15*v = -t*v + 280. Calculate the greatest common divisor of v and 8.
8
Suppose 150 = 81*z - 71*z. Calculate the greatest common divisor of 6 and z.
3
Suppose 0 = 3*v - 4*t - 388, 0 = 30*v - 25*v - 2*t - 670. Calculate the highest common divisor of v and 16.
8
Suppose 5*t - 102 = -32. Calculate the greatest common divisor of 126 and t.
14
Let t = -1 + 4. Suppose -95 + 70 = -5*f, 5*o + 5*f - 40 = 0. Calculate the greatest common divisor of o and t.
3
Let o be -18*((-32)/6)/4. Calculate the greatest common divisor of o and 8.
8
Let n(b) = -2*b**3 - 6*b**2 - 2*b - 1. Let h be n(-4). Let i be (-11 - -5)/1 - -32. What is the highest common factor of h and i?
13
Let t = 823 - 761. Calculate the highest common divisor of t and 558.
62
Let f be (6/2)/(1/(-9)). Let v = f - -57. Calculate the highest common factor of v and 3.
3
Let v be 6 - 2*(2 - 1). Suppose -k = -20 - v. Let b = -1 + k. Calculate the highest common factor of 92 and b.
23
Suppose 2*u + 248 = 4*d, 3*u = -4*d + 79 + 169. Calculate the greatest common factor of d and 155.
31
Suppose 0 = -3*u - 10 + 25. Suppose 0 = 3*r + u*p - 8, 8 = 6*r - 2*r + 4*p. Let l be (84/(-8))/(r/(-2)). What is the greatest common factor of l and 231?
21
Let t be (-2)/(-9) - -2*2504/144. What is the highest common divisor of t and 35?
35
Let i(w) = w**2 + w**2 - w**2 + 5 - 8*w. Let o be i(7). Let b be 3/((8/(-220))/o). Calculate the greatest common factor of 15 and b.
15
Let y = 373 + 917. Calculate the greatest common factor of 10 and y.
10
Let z be (-5 - 0 - 5600/24)*-3. What is the highest common divisor of 65 and z?
65
Let m(a) = 20*a**3 - a. Suppose -9 = 5*t - 4. Let y be m(t). Let i = y - -74. Calculate the highest common divisor of i and 11.
11
Let p be (1 + 12)/(4/(-168)*-6). Let c(u) = u**3 + u + 39. Let a be c(0). What is the greatest common factor of a and p?
13
Suppose -4*k + 2*k = -6. Suppose -2*w + 43 + 5 = -k*r, -4*r = -2*w + 52. What is the highest common factor of w and 126?
18
Let t = 350 + -325. Calculate the greatest common divisor of t and 275.
25
Let s = 50 - 21. Let m be 41 - 2 - 0 - -2. Let d = m - s. What is the highest common divisor of d and 60?
12
Let u be ((-152)/6 - 6/(-1))*-51. What is the highest common divisor of u and 34?
34
Let q(p) = 2*p - 4. Let g be q(9). Suppose 0 = 7*j - 18 - 31. Calculate the highest common factor of j and g.
7
Let g = -6 - -2. Let u(q) = -3*q - 2. Let j(x) = -3*x - 2. Let y(a) = -5*j(a) + 6*u(a). Let p be y(g). Calculate the greatest common divisor of p and 20.
10
Let q be 2 - 109*(1/(-1) - -3). Let t = -128 - q. Calculate the highest common divisor of 22 and t.
22
Let h(g) = 31*g**3 - 2*g + 1. Let t be 8/(-10)*(-40)/(-8). Let c = -3 - t. Let y be h(c). What is the greatest common factor of y and 3?
3
Let y(c) = 2*c - 6. Let r be y(-5). Let h be (r/10)/(3/(-15)). Let a be (-64)/(42/(-24) - 6/(-8)). What is the highest common factor of h and a?
8
Suppose 9*v = 5*v + 2*w + 46, -2*v + 5*w + 19 = 0. What is the greatest common factor of v and 222?
6
Let u(c) = 17*c - 26. Let q be u(19). What is the highest common divisor of q and 66?
33
Suppose -176 = -370*a + 366*a. Calculate the greatest common factor of 2816 and a.
44
Suppose -3*r + r = v + 25, 4*r - 4*v + 56 = 0. Let g(q) = -3*q - 27. Let d be g(r). Let w be 99 + (0 - 2) - 1. What is the highest common divisor of d and w?
12
Let o be (-4)/(-10) - 14/35. Let y(l) = -l**3 + 7*l + 9*l**2 - 5*l**2 + o*l**3. Let r be y(5). Calculate the greatest common divisor of r and 70.
10
Suppose 0 = 2*g - 2. Suppose 3*k - 10 = -g. Calculate the greatest common factor of k and 27.
3
Let u(o) = 2*o**3 + o**2 - 3*o - 2. Let h be u(3). Let m = h + 116. What is the highest common factor of m and 21?
21
Let x be 3*(930/(-9))/(-10). Calculate the greatest common factor of 93 and x.
31
Let a = 7 + -12. Let b(x) = 5*x - 7. Let s be b(a). Let u = s + 46. What is the greatest common factor of u and 14?
14
Let g(b) = -b + 15*b - 3*b + 6. Let v be g(3). Suppose 0 = 5*s + 10, -u - 4*s = u - 18. What is the highest common divisor of u and v?
13
Suppose -4*i + 2*i + 72 = 0. Suppose d = p + 2*p + 8, -5*d - i = 4*p. Let j be p + 3 - (-1 + -33). Calculate the highest common divisor of j and 3.
3
Let w be (2/6)/(5/30). Suppose 3*s + 3*p = -0*p - 12, w*s = -3*p - 12. Suppose 4*v = s, 5*q - 17 = -4*v + 33. What is the highest common factor of 25 and q?
5
Let w(n) = -2*n**3 + n**2 + n - 16. Let d be w(-4). Calculate the highest common divisor of 31 and d.
31
Let w = 9 + -6. Suppose 0*m = 4*m - 16, 0 = -5*l - w*m - 48. Let h be (-145)/(-30) + (-2)/l. Calculate the highest common divisor of 5 and h.
5
Let t be (4 - -12)/4 - -52. Suppose 10*o - 3*o - t = 0. What is the highest common factor of o and 1?
1
Let w be 30/(-18)*72/(-20) + 14. Calculate the highest common factor of 340 and w.
20
Let v(y) = -y**2 - y - 70. Let a be v(0). Let r = -48 - a. Let j be 201 + -3 + 0/4. What is the highest common factor of r and j?
22
Suppose -4*j = -9*j + 185. Suppose j - 1 = 9*v. Let u be (-12)/(-48) - (-15)/v. What is the greatest common factor of u and 4?
4
Let u be 2/(-1 - 26/(-22)). Suppose -4*i + 4 = 2*g, -i + 4*g + 13 = -2*i. Suppose -2*l = i*l - 165. What is the highest common factor of l and u?
11
Let s be 6/(((-125)/140 - 1) + 2). Suppose 0 = -2*z + 6*z - 32. What is the greatest common factor of z and s?
8
Suppose -4*h + 5*p = 3*p - 794, 0 = -h - 4*p + 212. What is the highest common divisor of h and 8?
8
Suppose 2*k = -5*u - 0*u + 21, -3*k - 4*u + 35 = 0. Suppose 0 = -7*p - 54 + 236. What is the greatest common factor of k and p?
13
Let o(b) = -7*b - 28. Let x(h) = -64*h - 252. Let j(s) = 28*o(s) - 3*x(s). Let v be j(-16). What is the greatest common divisor of 24 and v?
12
Suppose -3*p = 3*z - 7*p + 4, 3 = z + 3*p. Suppose 4*s = 2*f + 8, -13 = -4*f - s + 7. Suppose f*k - k - 18 = z. Calculate the highest common divisor of k and 6.
6
Suppose -277 = 127*b - 132*b + 2*s, 2*s + 167 = 3*b. Calculate the greatest common divisor of 4 and b.
1
Let f = 9 - -5. Let i = 2201 + -2199. What is the highest common factor of f and i?
2
Let i be (-6)/(-45) - 219/(-45). Suppose i*v - 60 = -5*f, -4 = -v - 5*f + 8. Let s = 239 + -143. Calculate the greatest common divisor of s and v.
12
Let v = -14 + 24. Suppose 7*c - v*c + 627 = 0. Calculate the greatest common divisor of c and 19.
19
Suppose 3*h + f = 71, 82*f = -4*h + 85*f + 86. Calculate the highest common divisor of 230 and h.
23
Let w be 6 - (-57)/(-9) - (-37)/3. Calculate the greatest common factor of 276 and w.
12
Suppose -x - 6*r = -3*r - 12, x - r = 0. Let p(n) = 3*n - 2. Let l be p(x). Suppose 2*s + 254 - 408 = 0. What is the greatest common factor of l and s?
7
Suppose 5*v - 3*b = 168, -3*b - 24 = 2*v - 3*v. Let t = -23 + -4. Let f = v + t. What is the highest common divisor of 36 and f?
9
Let h = 1281 - 1089. Calculate the greatest common factor of 72 and h.
24
Let n = 435 - 384. Calculate the highest common factor of n and 510.
51
Let u = -11 + 15. Suppose 16 = -o - u*r, 3*r = -3*o + 1 - 40. Let q = -1 - o. What is the highest common factor of q and 22?
11
Let r be 2/((-6)/(-255)*5). Let o = -13 + r. Suppose -o*u + 22 = -2*u. Calculate the greatest common divisor of 44 and u.
11
Suppose 25*h = 24 + 301. What is the greatest common factor of 91 and h?
13
Suppose 3*t + 39 = 3*c, -5*c - 4*t = -t - 81. Calculate the highest common factor of 240 and c.
15
Let l be (-4 + -61)*(-1 - 0). Suppose -l = -5*o + 15. Suppose -64 = -0*f - 2*f. Calculate the highest common divisor of o and f.
16
Suppose 0 = -9*j - 22 - 23. Let n be (4 + j - 0)*-9. What is the highest common factor of 45 and n?
9
Let v = 14 + -79. Let b = v + 41. Let y be 1/4 - 354/b. Calculate the greatest common factor of 165 and y.
15
Let i(o) = o**2 + 6*o - 8. Suppose 2*b - 4*f = -28, 2*b + f + 12 = -3